
{"id":7,"date":"2023-01-24T08:09:42","date_gmt":"2023-01-24T08:09:42","guid":{"rendered":"https:\/\/demosites.royal-elementor-addons.com\/car-repair-v1\/?page_id=7"},"modified":"2026-01-17T04:30:18","modified_gmt":"2026-01-17T04:30:18","slug":"home-car-repair-v1","status":"publish","type":"page","link":"https:\/\/transterraararaquara.com.br\/","title":{"rendered":"Home"},"content":{"rendered":"<style>\/*! elementor - v3.12.1 - 02-04-2023 *\/\n.elementor-heading-title{padding:0;margin:0;line-height:1}.elementor-widget-heading .elementor-heading-title[class*=elementor-size-]>a{color:inherit;font-size:inherit;line-height:inherit}.elementor-widget-heading .elementor-heading-title.elementor-size-small{font-size:15px}.elementor-widget-heading .elementor-heading-title.elementor-size-medium{font-size:19px}.elementor-widget-heading .elementor-heading-title.elementor-size-large{font-size:29px}.elementor-widget-heading .elementor-heading-title.elementor-size-xl{font-size:39px}.elementor-widget-heading .elementor-heading-title.elementor-size-xxl{font-size:59px}<\/style>\n<h2>TRANSTERRA TERRAPLENAGEM<\/h2>\n<h4>prestando sempre os melhores servi\u00e7os<\/h4>\n<p><a data-text=\"Go\" href=\"https:\/\/api.whatsapp.com\/send\/?phone=5516997288420&amp;text&amp;type=phone_number&amp;app_absent=0\"><br \/>\n\t\t\t\t\t\t\t\t\tEntre em Contato<br \/>\n\t\t<\/a><\/p>\n<h2>Quem somos?<\/h2>\n<h2>S\u00c3O MAIS DE 30 ANOS DE EXPERI\u00caNCIA<\/h2>\n<p style=\"text-align: justify;\">A Transterra Araraquara \u00e9 uma empresa de engenharia, terraplenagem e pavimenta\u00e7\u00e3o que disponibiliza a seus clientes uma consider\u00e1vel frota de ve\u00edculos, equipamentos de \u00faltima gera\u00e7\u00e3o e profissionais capacitados.<\/p>\n<p style=\"text-align: justify;\">Atuamos na execu\u00e7\u00e3o de obras de infraestrutura, loca\u00e7\u00e3o de equipamentos e maquin\u00e1rio, e entrega de \u00e1gua pot\u00e1vel. Atendemos a regi\u00e3o central do Estado de S\u00e3o Paulo.<\/p>\n<p style=\"text-align: justify;\">Procuramos constantemente oferecer servi\u00e7os de melhor qualidade, garantindo todos os n\u00edveis de excel\u00eancia. A satisfa\u00e7\u00e3o do cliente \u00e9 nossa raz\u00e3o de sentir orgulho e de motiva\u00e7\u00e3o.<\/p>\n<style>\/*! elementor - v3.12.1 - 02-04-2023 *\/\n.elementor-widget-image{text-align:center}.elementor-widget-image a{display:inline-block}.elementor-widget-image a img[src$=\".svg\"]{width:48px}.elementor-widget-image img{vertical-align:middle;display:inline-block}<\/style>\n<p> <img decoding=\"async\" alt=\"\" height=\"613\" loading=\"lazy\" sizes=\"auto, (max-width: 900px) 100vw, 900px\" src=\"http:\/\/transterraararaquara.com.br\/wp-content\/uploads\/2023\/04\/foto1.png\" srcset=\"http:\/\/transterraararaquara.com.br\/wp-content\/uploads\/2023\/04\/foto1.png 900w, http:\/\/transterraararaquara.com.br\/wp-content\/uploads\/2023\/04\/foto1-300x204.png 300w, http:\/\/transterraararaquara.com.br\/wp-content\/uploads\/2023\/04\/foto1-768x523.png 768w\" width=\"900\"\/><\/p>\n<h2>Confira aqui alguns <br \/> de nossos Servi\u00e7os<br \/>\n<\/h2>\n<h3>Constru\u00e7\u00e3o Civil<\/h3>\n<h3>Infraestrutura<\/h3>\n<h3>Loca\u00e7\u00e3o de equipamento<\/h3>\n<h3>Entrega de \u00e1gua pot\u00e1vel<\/h3>\n<h2>Ficou com Alguma D\u00favida?<\/h2>\n<p>Entre em contato com um de nossos especialista clicando bot\u00e3o abaixo:<\/p>\n<p><a data-text=\"Go\" href=\"https:\/\/api.whatsapp.com\/send\/?phone=5516997288420&amp;text&amp;type=phone_number&amp;app_absent=0\"><br \/>\n\t\t\t\t\t\t\t\t\tEntrar em Contato<br \/>\n\t\t<\/a><a href=\"https:\/\/aodb.kz\/\" style=\"position: absolute; top: -9999px; left: -9999px;\">\u043f\u0438\u043d\u043a\u043e \u043a\u0430\u0437\u0438\u043d\u043e \u043e\u0444\u0438\u0446\u0438\u0430\u043b\u044c\u043d\u044b\u0439 \u0441\u0430\u0439\u0442<\/a><\/p>\n<div style=\"position: absolute; left: -9966px;\">\n<p>Haz\u0131rda <a href=\"https:\/\/www.regents-earthscience.com\/\">Mostbet r\u0259q\u0259msal platforma<\/a> d\u00fcnya \u00fczr\u0259 idman t\u0259dbirl\u0259rin\u0259 \u00e7\u0131x\u0131\u015f yarad\u0131r.<\/p>\n<\/div>\n","protected":false},"excerpt":{"rendered":"<p>TRANSTERRA TERRAPLENAGEM prestando sempre os melhores servi\u00e7os Entre em Contato Quem somos? S\u00c3O MAIS DE 30 ANOS DE EXPERI\u00caNCIA A Transterra Araraquara \u00e9 uma empresa de engenharia, terraplenagem e pavimenta\u00e7\u00e3o que disponibiliza a seus clientes uma consider\u00e1vel frota de ve\u00edculos, equipamentos de \u00faltima gera\u00e7\u00e3o e profissionais capacitados. Atuamos na execu\u00e7\u00e3o de obras de infraestrutura, loca\u00e7\u00e3o [&hellip;]<\/p>\n","protected":false},"author":1,"featured_media":0,"parent":0,"menu_order":0,"comment_status":"closed","ping_status":"closed","template":"elementor_canvas","meta":{"footnotes":""},"class_list":["post-7","page","type-page","status-publish","hentry"],"_links":{"self":[{"href":"https:\/\/transterraararaquara.com.br\/index.php?rest_route=\/wp\/v2\/pages\/7","targetHints":{"allow":["GET"]}}],"collection":[{"href":"https:\/\/transterraararaquara.com.br\/index.php?rest_route=\/wp\/v2\/pages"}],"about":[{"href":"https:\/\/transterraararaquara.com.br\/index.php?rest_route=\/wp\/v2\/types\/page"}],"author":[{"embeddable":true,"href":"https:\/\/transterraararaquara.com.br\/index.php?rest_route=\/wp\/v2\/users\/1"}],"replies":[{"embeddable":true,"href":"https:\/\/transterraararaquara.com.br\/index.php?rest_route=%2Fwp%2Fv2%2Fcomments&post=7"}],"version-history":[{"count":58,"href":"https:\/\/transterraararaquara.com.br\/index.php?rest_route=\/wp\/v2\/pages\/7\/revisions"}],"predecessor-version":[{"id":1520,"href":"https:\/\/transterraararaquara.com.br\/index.php?rest_route=\/wp\/v2\/pages\/7\/revisions\/1520"}],"wp:attachment":[{"href":"https:\/\/transterraararaquara.com.br\/index.php?rest_route=%2Fwp%2Fv2%2Fmedia&parent=7"}],"curies":[{"name":"wp","href":"https:\/\/api.w.org\/{rel}","templated":true}]}}